 -18*v - 107. What are the prime factors of c(-16)?
181
Suppose 5730 = 3*w + 4*c, -w + 1910 = 10*c - 14*c. List the prime factors of w.
2, 5, 191
Let g be -2 - (-7 - 1 - -2). Let l be (1*-3)/(9/2 - 6). Suppose -54 = l*b - g*b. List the prime factors of b.
3
Let z = 76 - 120. Let g = -8 - z. What are the prime factors of g?
2, 3
Let b = -2 + -24. Let y = b - -44. Let n = y - -6. List the prime factors of n.
2, 3
Suppose 0 = 6*m - 5294 - 34. List the prime factors of m.
2, 3, 37
Suppose -2*y = 3*y - 3710. List the prime factors of y.
2, 7, 53
Let a(o) = 3 - o**3 - 8*o**2 + 13*o**2 + 2*o + 4*o. List the prime factors of a(5).
3, 11
Let g = -9 + 12. Suppose -s = g*s. Suppose 6*w - 3*w + r = 12, 4*w + 2*r - 16 = s. List the prime factors of w.
2
Suppose -17*q + 13*q + 1208 = 0. List the prime factors of q.
2, 151
Let s(m) = m**3 - 4*m**2 - 6. Let l = 15 + -9. Let b be s(l). Suppose -7*p + 4*p = -b. List the prime factors of p.
2, 11
Suppose 5762 = 17*m - 5407. What are the prime factors of m?
3, 73
Let r(q) = -q**3 + 13*q**2 - 12*q - 3. Let h be r(12). What are the prime factors of (-17)/h + (-2)/(-6)?
2, 3
Let b = -512 - -952. What are the prime factors of b?
2, 5, 11
Let w(s) = 100*s + 235. What are the prime factors of w(16)?
5, 367
Let a(m) = -m**3 + 6*m**2 + 1722. List the prime factors of a(0).
2, 3, 7, 41
Let h = -15 - -18. Suppose -3*i + f = 4 - 0, -2*f = -h*i - 2. List the prime factors of 17 + 0/(i/2).
17
Let b be (-1 + 2)/(3 + (-40)/16). Suppose -k = u - 72, -k + 0*k = b*u - 72. List the prime factors of k.
2, 3
Let k = 0 + 2. Let w = k + -2. Suppose -71 = -3*t - y, w = t - 0*t + 2*y - 17. What are the prime factors of t?
5
What are the prime factors of (-145)/58*1576/(-5)?
2, 197
Suppose -2*i = -3*m - 12, 3*m = -m. Suppose -2*b - 84 = -i*b. List the prime factors of b.
3, 7
Suppose -5 = -2*s + 3, 5*s - 12 = -2*l. Let g be (-3)/9 + (-213)/9. Let b = l - g. What are the prime factors of b?
2, 5
Let h be 131 + (-1)/((-4)/12). Suppose -2*t - h = -4*o, o - 69 + 23 = -2*t. List the prime factors of (-4)/18 + 1412/o.
3, 13
Let o = 903 + -158. What are the prime factors of o?
5, 149
Let r(o) = -o**3 + 6*o**2 + 7*o - 6. Let d be r(7). List the prime factors of ((-2672)/6)/(-4) + d/(-9).
2, 7
Let k(r) = -29*r + 16. Let c be k(3). Let j = 153 + c. What are the prime factors of j?
2, 41
Suppose -7*s = 10*s - 50507. List the prime factors of s.
2971
Let x(n) = n**3 + 29*n**2 - 12*n - 95. What are the prime factors of x(-21)?
5, 11, 67
Let l = 36 + 5. Suppose -3*x = 9, -5*h - 3*x + 1355 = -l. Suppose 4*c + 69 - h = 0. List the prime factors of c.
53
Suppose -3313 = -114*c + 112*c + 5*g, -2*g = -5*c + 8230. What are the prime factors of c?
2, 3, 137
Let o(c) = -124*c + 236. List the prime factors of o(-7).
2, 3, 23
Suppose -3*y = j + 2*j - 6, 0 = -y + 3*j + 6. Let m(k) = -8*k - 7. Let o(n) = -8*n - 9. Let v(x) = -3*m(x) + 2*o(x). List the prime factors of v(y).
3
Let u be ((-60)/(-4))/3 + 1. Let g(h) = h**3 - 7*h**2 + 8*h - 7. Let k be g(u). Suppose 2*r + 2*r = -3*x + 228, -236 = -4*r - k*x. List the prime factors of r.
2, 3
Let m be -1*(14 - 1)*-1. Suppose 0 = -q + 32 - m. List the prime factors of q.
19
Let j(p) = -p**3 + 26*p**2 - 47*p. Let y be j(23). Suppose -5*h - 3*r = -y, -500 = -3*h - 2*h - 5*r. List the prime factors of h.
103
Suppose 276*m - 272*m = 2768. What are the prime factors of m?
2, 173
Let n(x) = -x**2 - 5*x + 2. Let l be n(-5). Suppose -j = -2*q + 8, 4*j + 5 = q - l*q. List the prime factors of q*(38/6 - 1).
2
Let u be 63/9 - 4/2. Suppose -u*w + 306 = 4*w. What are the prime factors of w?
2, 17
Let t be (-249)/(-4 - -1) + -2. Suppose -t = -4*l + 103. List the prime factors of l.
2, 23
Suppose 313 = -4*m + 6449. List the prime factors of m.
2, 13, 59
Let l(p) = 38*p + 5. What are the prime factors of l(14)?
3, 179
Let y(r) = -11*r**2 + r + 1. Suppose -5*j - 7 + 2 = 0. Let b be y(j). What are the prime factors of (2 + -1)*(38 + b)?
3
Let x = -1214 - -1718. Suppose -4*y + x = 4*y. What are the prime factors of y?
3, 7
Suppose 3*p + p = -z + 621, 0 = 2*p. List the prime factors of z.
3, 23
Suppose 49*h - 60*h = -7469. List the prime factors of h.
7, 97
Let c be (-5)/10*(-6)/1. Suppose -79 = -5*j - 2*t + 158, c*t + 208 = 4*j. Suppose -13 = 2*i + z - 31, -3*i + 4*z = -j. List the prime factors of i.
11
Suppose -3244 = -3*w + 4*n, -w + 4*n + 4324 = 3*w. List the prime factors of w.
2, 3, 5
Let f = -88 + 260. List the prime factors of f.
2, 43
Let f = 1697 + 2681. List the prime factors of f.
2, 11, 199
Let l(w) = 14*w**2 + 217*w - 35. List the prime factors of l(-19).
2, 7
Suppose -13 = 2*o + 3*c, -4*c - 8 = -8*o + 6*o. Let t(k) = 2 + 2*k**2 - 2*k**3 + 1 + 0*k**2 + 3*k. What are the prime factors of t(o)?
3, 7
What are the prime factors of (8/6)/(4 - (-476)/(-120))?
2, 5
Let a(c) = c**2 + 3*c - 46. What are the prime factors of a(-12)?
2, 31
Let b be 4 + -1*((-44)/2 - -1). What are the prime factors of -1 + 0 + b + 5?
29
Let l = 3 - 9. Let q(j) = -2*j**3 + 10*j**2 + 4*j - 9. Let a(z) = 5*z**3 - 21*z**2 - 8*z + 19. Let x(o) = 3*a(o) + 7*q(o). What are the prime factors of x(l)?
2, 3
Let d = 80 + -11. Suppose -7*t + 4*t - 123 = 5*l, 4*l - 164 = 4*t. Let m = t + d. What are the prime factors of m?
2, 7
Let i = -12 - -25. Let j(s) = 6*s + 6*s + 8 - i*s. What are the prime factors of j(0)?
2
Let j be (-4)/2*(-12)/(-4). Let u be (75/10)/(j/(-176)). Suppose 3*l = -2*l + u. List the prime factors of l.
2, 11
Let u(y) = y + 2. Let n be u(9). Let t = -10 + n. Suppose 38 = 3*z - t. List the prime factors of z.
13
Let u be -3 + ((-42)/(-15))/(3/30). Suppose 20*a = u*a - 420. List the prime factors of a.
2, 3, 7
Let n(o) = -7*o**3 - 10*o**2 - 114*o - 7. List the prime factors of n(-6).
31, 59
Let p = -385 - -727. List the prime factors of p.
2, 3, 19
Suppose -2*x = -4*m - 1800, 5*m - 4121 - 319 = -5*x. List the prime factors of x.
2, 223
Suppose -4*h + 11 = -29. Let l be 35/(-21)*(-18)/15. Suppose g - 109 = -4*v, -g = -l*v + h + 43. What are the prime factors of v?
3
Let a(f) = -1575*f**3 - 2*f**2 - 8*f - 7. List the prime factors of a(-1).
2, 787
Let o be 21/14*(-58)/1. Let h = 153 + o. What are the prime factors of h?
2, 3, 11
Let x = -335 + 370. List the prime factors of x.
5, 7
Suppose 0 = -4*y + f + f + 1020, 0 = -5*y - 3*f + 1253. Suppose c + 317 = 3*n + 2*n, 4*n - y = c. List the prime factors of n.
2
Let n(j) = -j. Let m = -4 + 1. Let y be n(m). Suppose 0 = 4*k - 2*r - 88, y*k + r - 75 = -2*r. What are the prime factors of k?
23
Let m(l) = -3*l + 5. Let z be m(0). Suppose -z*f = 2*f + 42. Let t = f - -16. List the prime factors of t.
2, 5
Let a(u) = -90*u - 120. What are the prime factors of a(-6)?
2, 3, 5, 7
Suppose -2 = -2*r + 4, -4*y + 2*r = -202. Suppose 4*f + 30 + 50 = 0. Let o = f + y. What are the prime factors of o?
2
Let l be (-6)/(-9) - (-31)/3. Let b(h) = 17*h**2 + 13*h - 9. Let m(t) = -20*t**2 - 14*t + 9. Let i(w) = -7*b(w) - 6*m(w). List the prime factors of i(l).
53
Let r(v) be the first derivative of 1/4*v**4 - 6 - 2*v - 5*v**2 + 2*v**3. What are the prime factors of r(-7)?
19
Suppose -2*j = 3*j - 1735. Suppose -4*q = -j - 37. Suppose q = 2*b + 2*b. What are the prime factors of b?
2, 3
Suppose 904 = 123*r - 115*r. What are the prime factors of r?
113
Let s(f) = f**2 - f + 34. Let h be (-68)/(-18) + (-2)/(-9). Suppose h*o - o = 0. List the prime factors of s(o).
2, 17
Let u(n) be the second derivative of 97*n**4/12 + n**3/3 + n**2/2 - 31*n. List the prime factors of u(-1).
2, 3
What are the prime factors of 0 + -1 - (-185 - 26)?
2, 3, 5, 7
Let i = -226 - 28. Let n = i + 355. What are the prime factors of n?
101
Let s = -191 + 125. Let d(l) = l**3 + 9*l**2 - 3*l - 2. Let j be d(-7). Let n = s + j. List the prime factors of n.
3, 17
Let t = 73 + -66. Let w(q) = 11*q + 46. What are the prime factors of w(t)?
3, 41
Let o be 16/56 + (204/7)/(-4). Let d be 4/(-6) + 26/(-6). Let k = d - o. What are the prime factors of k?
2
What are the prime factors of (5372/(-5))/((-24)/60 - 0)?
2, 17, 79
Suppose -5820 = -7*h + 7018. What are the prime factors of h?
2, 7, 131
Let x(h) = -4*h**3 + h**2 - 2*h + 1. Let c be x(1). What are the prime factors of (-391 + -1)/c - 0?
2, 7
Suppose 0 = 2*b + 4 - 0. Let a be (6/(-1))/((-3)/b). List the pri